{"id":213,"date":"2022-10-12T14:52:08","date_gmt":"2022-10-12T14:52:08","guid":{"rendered":"https:\/\/loja.tectur.pt\/?page_id=213"},"modified":"2022-10-12T14:52:08","modified_gmt":"2022-10-12T14:52:08","slug":"informacoes-legais","status":"publish","type":"page","link":"https:\/\/loja.tectur.pt\/?page_id=213","title":{"rendered":"Informa\u00e7\u00f5es Legais"},"content":{"rendered":"\n<h4 class=\"wp-block-heading\">Informa\u00e7\u00f5es sobre resolu\u00e7\u00e3o de conflitos nos termos do art.\u00ba 14, par\u00e1grafo 1 do RCO- Regulamento sobre Resolu\u00e7\u00e3o de Conflitos Online:<\/h4>\n\n\n\n<p>A Comiss\u00e3o Europeia d\u00e1 a oportunidade aos consumidores de resolver conflitos online nos termos do art.\u00ba 14, par\u00e1grafo 1, do RCO (Regulamento sobre Resolu\u00e7\u00e3o de Conflitos Online) em uma das suas plataformas. A plataforma (<a href=\"http:\/\/ec.europa.eu\/consumers\/odr\" target=\"_blank\" rel=\"noreferrer noopener\">http:\/\/ec.europa.eu\/consumers\/odr<\/a>) serve como site onde os consumidores podem tentar alcan\u00e7ar uma resolu\u00e7\u00e3o extrajudicial em rela\u00e7\u00e3o a conflitos com origem em compras online e em contratos de presta\u00e7\u00e3o de servi\u00e7os.<\/p>\n","protected":false},"excerpt":{"rendered":"<p>Informa\u00e7\u00f5es sobre resolu\u00e7\u00e3o de conflitos nos termos do art.\u00ba 14, par\u00e1grafo 1 do RCO- Regulamento sobre Resolu\u00e7\u00e3o de Conflitos Online: A Comiss\u00e3o Europeia d\u00e1 a oportunidade aos consumidores de resolver conflitos online nos termos do art.\u00ba 14, par\u00e1grafo 1, do RCO (Regulamento sobre Resolu\u00e7\u00e3o de Conflitos Online) em uma das suas plataformas. A plataforma (http:\/\/ec.europa.eu\/consumers\/odr) [&hellip;]<\/p>\n","protected":false},"author":1,"featured_media":0,"parent":0,"menu_order":0,"comment_status":"closed","ping_status":"closed","template":"","meta":{"footnotes":""},"class_list":["post-213","page","type-page","status-publish","hentry"],"jetpack_sharing_enabled":true,"jetpack_likes_enabled":true,"_links":{"self":[{"href":"https:\/\/loja.tectur.pt\/index.php?rest_route=\/wp\/v2\/pages\/213","targetHints":{"allow":["GET"]}}],"collection":[{"href":"https:\/\/loja.tectur.pt\/index.php?rest_route=\/wp\/v2\/pages"}],"about":[{"href":"https:\/\/loja.tectur.pt\/index.php?rest_route=\/wp\/v2\/types\/page"}],"author":[{"embeddable":true,"href":"https:\/\/loja.tectur.pt\/index.php?rest_route=\/wp\/v2\/users\/1"}],"replies":[{"embeddable":true,"href":"https:\/\/loja.tectur.pt\/index.php?rest_route=%2Fwp%2Fv2%2Fcomments&post=213"}],"version-history":[{"count":1,"href":"https:\/\/loja.tectur.pt\/index.php?rest_route=\/wp\/v2\/pages\/213\/revisions"}],"predecessor-version":[{"id":214,"href":"https:\/\/loja.tectur.pt\/index.php?rest_route=\/wp\/v2\/pages\/213\/revisions\/214"}],"wp:attachment":[{"href":"https:\/\/loja.tectur.pt\/index.php?rest_route=%2Fwp%2Fv2%2Fmedia&parent=213"}],"curies":[{"name":"wp","href":"https:\/\/api.w.org\/{rel}","templated":true}]}}