{"id":217,"date":"2022-10-18T11:58:06","date_gmt":"2022-10-18T11:58:06","guid":{"rendered":"https:\/\/loja.tectur.pt\/?post_type=product&#038;p=217"},"modified":"2022-10-18T15:02:16","modified_gmt":"2022-10-18T15:02:16","slug":"suporte-ram-mounts-para-tablet-7-8","status":"publish","type":"product","link":"https:\/\/loja.tectur.pt\/?product=suporte-ram-mounts-para-tablet-7-8","title":{"rendered":"Suporte RAM Mounts para Tablet 7&#8243;- 8&#8243;"},"content":{"rendered":"<ul>\n<li>O design &#8216;X&#8217; com mola e tampas de borracha oferece grande poder de reten\u00e7\u00e3o sem danificar o seu tablet; adapta-se \u00e0 maioria dos tablets de 7&#8243; a 8&#8243;.<\/li>\n<li>Inclui base de ventosa RAM\u00ae Twist-Lock\u2122 ideal para para-brisas de ve\u00edculos, bra\u00e7o de encaixe duplo RAM\u00ae tamanho B; a tecnologia de bola e encaixe permite ajuste quase infinito.<\/li>\n<li>Feito de alum\u00ednio de grau mar\u00edtimo revestido a p\u00f3, componentes de a\u00e7o inoxid\u00e1vel e composto de alta resist\u00eancia para durabilidade e confiabilidade nos ambientes mais exigentes.<\/li>\n<\/ul>\n<p>&nbsp;<\/p>\n<p><img loading=\"lazy\" decoding=\"async\" class=\"alignnone size-medium wp-image-218\" src=\"https:\/\/loja.tectur.pt\/wp-content\/uploads\/2022\/10\/RAM-B-166-UN8U_1_1440x-300x300.webp\" alt=\"\" width=\"300\" height=\"300\" srcset=\"https:\/\/loja.tectur.pt\/wp-content\/uploads\/2022\/10\/RAM-B-166-UN8U_1_1440x-300x300.webp 300w, https:\/\/loja.tectur.pt\/wp-content\/uploads\/2022\/10\/RAM-B-166-UN8U_1_1440x-1024x1024.webp 1024w, https:\/\/loja.tectur.pt\/wp-content\/uploads\/2022\/10\/RAM-B-166-UN8U_1_1440x-150x150.webp 150w, https:\/\/loja.tectur.pt\/wp-content\/uploads\/2022\/10\/RAM-B-166-UN8U_1_1440x-768x768.webp 768w, https:\/\/loja.tectur.pt\/wp-content\/uploads\/2022\/10\/RAM-B-166-UN8U_1_1440x-1320x1320.webp 1320w, https:\/\/loja.tectur.pt\/wp-content\/uploads\/2022\/10\/RAM-B-166-UN8U_1_1440x-241x241.webp 241w, https:\/\/loja.tectur.pt\/wp-content\/uploads\/2022\/10\/RAM-B-166-UN8U_1_1440x-530x530.webp 530w, https:\/\/loja.tectur.pt\/wp-content\/uploads\/2022\/10\/RAM-B-166-UN8U_1_1440x-100x100.webp 100w, https:\/\/loja.tectur.pt\/wp-content\/uploads\/2022\/10\/RAM-B-166-UN8U_1_1440x.webp 1440w\" sizes=\"auto, (max-width: 300px) 100vw, 300px\" \/> <img loading=\"lazy\" decoding=\"async\" class=\"alignnone size-medium wp-image-219\" src=\"https:\/\/loja.tectur.pt\/wp-content\/uploads\/2022\/10\/RAM-B-166-UN8U_5_1440x-300x300.webp\" alt=\"\" width=\"300\" height=\"300\" srcset=\"https:\/\/loja.tectur.pt\/wp-content\/uploads\/2022\/10\/RAM-B-166-UN8U_5_1440x-300x300.webp 300w, https:\/\/loja.tectur.pt\/wp-content\/uploads\/2022\/10\/RAM-B-166-UN8U_5_1440x-1024x1024.webp 1024w, https:\/\/loja.tectur.pt\/wp-content\/uploads\/2022\/10\/RAM-B-166-UN8U_5_1440x-150x150.webp 150w, https:\/\/loja.tectur.pt\/wp-content\/uploads\/2022\/10\/RAM-B-166-UN8U_5_1440x-768x768.webp 768w, https:\/\/loja.tectur.pt\/wp-content\/uploads\/2022\/10\/RAM-B-166-UN8U_5_1440x-1320x1320.webp 1320w, https:\/\/loja.tectur.pt\/wp-content\/uploads\/2022\/10\/RAM-B-166-UN8U_5_1440x-241x241.webp 241w, https:\/\/loja.tectur.pt\/wp-content\/uploads\/2022\/10\/RAM-B-166-UN8U_5_1440x-530x530.webp 530w, https:\/\/loja.tectur.pt\/wp-content\/uploads\/2022\/10\/RAM-B-166-UN8U_5_1440x-100x100.webp 100w, https:\/\/loja.tectur.pt\/wp-content\/uploads\/2022\/10\/RAM-B-166-UN8U_5_1440x.webp 1440w\" sizes=\"auto, (max-width: 300px) 100vw, 300px\" \/> <img loading=\"lazy\" decoding=\"async\" class=\"alignnone size-medium wp-image-220\" src=\"https:\/\/loja.tectur.pt\/wp-content\/uploads\/2022\/10\/RAM-B-166-UN8U_6_1440x-300x300.webp\" alt=\"\" width=\"300\" height=\"300\" srcset=\"https:\/\/loja.tectur.pt\/wp-content\/uploads\/2022\/10\/RAM-B-166-UN8U_6_1440x-300x300.webp 300w, https:\/\/loja.tectur.pt\/wp-content\/uploads\/2022\/10\/RAM-B-166-UN8U_6_1440x-1024x1024.webp 1024w, https:\/\/loja.tectur.pt\/wp-content\/uploads\/2022\/10\/RAM-B-166-UN8U_6_1440x-150x150.webp 150w, https:\/\/loja.tectur.pt\/wp-content\/uploads\/2022\/10\/RAM-B-166-UN8U_6_1440x-768x768.webp 768w, https:\/\/loja.tectur.pt\/wp-content\/uploads\/2022\/10\/RAM-B-166-UN8U_6_1440x-1320x1320.webp 1320w, https:\/\/loja.tectur.pt\/wp-content\/uploads\/2022\/10\/RAM-B-166-UN8U_6_1440x-241x241.webp 241w, https:\/\/loja.tectur.pt\/wp-content\/uploads\/2022\/10\/RAM-B-166-UN8U_6_1440x-530x530.webp 530w, https:\/\/loja.tectur.pt\/wp-content\/uploads\/2022\/10\/RAM-B-166-UN8U_6_1440x-100x100.webp 100w, https:\/\/loja.tectur.pt\/wp-content\/uploads\/2022\/10\/RAM-B-166-UN8U_6_1440x.webp 1440w\" sizes=\"auto, (max-width: 300px) 100vw, 300px\" \/><\/p>\n","protected":false},"excerpt":{"rendered":"<p>Suporte de Ventosa Ram Mounts<\/p>\n<p>Tablets de 7&#8243; a 8&#8243;<\/p>\n<p>*Quando dispon\u00edvel por encomenda poder\u00e1 demorar 5 -15 dias a chegar<\/p>\n","protected":false},"featured_media":218,"comment_status":"open","ping_status":"closed","template":"","meta":[],"product_brand":[],"product_cat":[17,28,15],"product_tag":[],"class_list":{"0":"post-217","1":"product","2":"type-product","3":"status-publish","4":"has-post-thumbnail","6":"product_cat-navegacao-tt","7":"product_cat-ram","8":"product_cat-varios","9":"product_shipping_class-pesado","11":"first","12":"onbackorder","13":"taxable","14":"shipping-taxable","15":"purchasable","16":"product-type-simple"},"jetpack_sharing_enabled":true,"jetpack_likes_enabled":true,"_links":{"self":[{"href":"https:\/\/loja.tectur.pt\/index.php?rest_route=\/wp\/v2\/product\/217","targetHints":{"allow":["GET"]}}],"collection":[{"href":"https:\/\/loja.tectur.pt\/index.php?rest_route=\/wp\/v2\/product"}],"about":[{"href":"https:\/\/loja.tectur.pt\/index.php?rest_route=\/wp\/v2\/types\/product"}],"replies":[{"embeddable":true,"href":"https:\/\/loja.tectur.pt\/index.php?rest_route=%2Fwp%2Fv2%2Fcomments&post=217"}],"wp:featuredmedia":[{"embeddable":true,"href":"https:\/\/loja.tectur.pt\/index.php?rest_route=\/wp\/v2\/media\/218"}],"wp:attachment":[{"href":"https:\/\/loja.tectur.pt\/index.php?rest_route=%2Fwp%2Fv2%2Fmedia&parent=217"}],"wp:term":[{"taxonomy":"product_brand","embeddable":true,"href":"https:\/\/loja.tectur.pt\/index.php?rest_route=%2Fwp%2Fv2%2Fproduct_brand&post=217"},{"taxonomy":"product_cat","embeddable":true,"href":"https:\/\/loja.tectur.pt\/index.php?rest_route=%2Fwp%2Fv2%2Fproduct_cat&post=217"},{"taxonomy":"product_tag","embeddable":true,"href":"https:\/\/loja.tectur.pt\/index.php?rest_route=%2Fwp%2Fv2%2Fproduct_tag&post=217"}],"curies":[{"name":"wp","href":"https:\/\/api.w.org\/{rel}","templated":true}]}}

<ul>
<li>O design &#8216;X&#8217; com mola e tampas de borracha oferece grande poder de retenção sem danificar o seu tablet; adapta-se à maioria dos tablets de 7&#8243; a 8&#8243;.</li>
<li>Inclui base de ventosa RAM® Twist-Lock™ ideal para para-brisas de veículos, braço de encaixe duplo RAM® tamanho B; a tecnologia de bola e encaixe permite ajuste quase infinito.</li>
<li>Feito de alumínio de grau marítimo revestido a pó, componentes de aço inoxidável e composto de alta resistência para durabilidade e confiabilidade nos ambientes mais exigentes.</li>
</ul>
<p>&nbsp;</p>
<p><img loading="lazy" decoding="async" class="alignnone size-medium wp-image-218" src="https://loja.tectur.pt/wp-content/uploads/2022/10/RAM-B-166-UN8U_1_1440x-300x300.webp" alt="" width="300" height="300" srcset="https://loja.tectur.pt/wp-content/uploads/2022/10/RAM-B-166-UN8U_1_1440x-300x300.webp 300w, https://loja.tectur.pt/wp-content/uploads/2022/10/RAM-B-166-UN8U_1_1440x-1024x1024.webp 1024w, https://loja.tectur.pt/wp-content/uploads/2022/10/RAM-B-166-UN8U_1_1440x-150x150.webp 150w, https://loja.tectur.pt/wp-content/uploads/2022/10/RAM-B-166-UN8U_1_1440x-768x768.webp 768w, https://loja.tectur.pt/wp-content/uploads/2022/10/RAM-B-166-UN8U_1_1440x-1320x1320.webp 1320w, https://loja.tectur.pt/wp-content/uploads/2022/10/RAM-B-166-UN8U_1_1440x-241x241.webp 241w, https://loja.tectur.pt/wp-content/uploads/2022/10/RAM-B-166-UN8U_1_1440x-530x530.webp 530w, https://loja.tectur.pt/wp-content/uploads/2022/10/RAM-B-166-UN8U_1_1440x-100x100.webp 100w, https://loja.tectur.pt/wp-content/uploads/2022/10/RAM-B-166-UN8U_1_1440x.webp 1440w" sizes="auto, (max-width: 300px) 100vw, 300px" /> <img loading="lazy" decoding="async" class="alignnone size-medium wp-image-219" src="https://loja.tectur.pt/wp-content/uploads/2022/10/RAM-B-166-UN8U_5_1440x-300x300.webp" alt="" width="300" height="300" srcset="https://loja.tectur.pt/wp-content/uploads/2022/10/RAM-B-166-UN8U_5_1440x-300x300.webp 300w, https://loja.tectur.pt/wp-content/uploads/2022/10/RAM-B-166-UN8U_5_1440x-1024x1024.webp 1024w, https://loja.tectur.pt/wp-content/uploads/2022/10/RAM-B-166-UN8U_5_1440x-150x150.webp 150w, https://loja.tectur.pt/wp-content/uploads/2022/10/RAM-B-166-UN8U_5_1440x-768x768.webp 768w, https://loja.tectur.pt/wp-content/uploads/2022/10/RAM-B-166-UN8U_5_1440x-1320x1320.webp 1320w, https://loja.tectur.pt/wp-content/uploads/2022/10/RAM-B-166-UN8U_5_1440x-241x241.webp 241w, https://loja.tectur.pt/wp-content/uploads/2022/10/RAM-B-166-UN8U_5_1440x-530x530.webp 530w, https://loja.tectur.pt/wp-content/uploads/2022/10/RAM-B-166-UN8U_5_1440x-100x100.webp 100w, https://loja.tectur.pt/wp-content/uploads/2022/10/RAM-B-166-UN8U_5_1440x.webp 1440w" sizes="auto, (max-width: 300px) 100vw, 300px" /> <img loading="lazy" decoding="async" class="alignnone size-medium wp-image-220" src="https://loja.tectur.pt/wp-content/uploads/2022/10/RAM-B-166-UN8U_6_1440x-300x300.webp" alt="" width="300" height="300" srcset="https://loja.tectur.pt/wp-content/uploads/2022/10/RAM-B-166-UN8U_6_1440x-300x300.webp 300w, https://loja.tectur.pt/wp-content/uploads/2022/10/RAM-B-166-UN8U_6_1440x-1024x1024.webp 1024w, https://loja.tectur.pt/wp-content/uploads/2022/10/RAM-B-166-UN8U_6_1440x-150x150.webp 150w, https://loja.tectur.pt/wp-content/uploads/2022/10/RAM-B-166-UN8U_6_1440x-768x768.webp 768w, https://loja.tectur.pt/wp-content/uploads/2022/10/RAM-B-166-UN8U_6_1440x-1320x1320.webp 1320w, https://loja.tectur.pt/wp-content/uploads/2022/10/RAM-B-166-UN8U_6_1440x-241x241.webp 241w, https://loja.tectur.pt/wp-content/uploads/2022/10/RAM-B-166-UN8U_6_1440x-530x530.webp 530w, https://loja.tectur.pt/wp-content/uploads/2022/10/RAM-B-166-UN8U_6_1440x-100x100.webp 100w, https://loja.tectur.pt/wp-content/uploads/2022/10/RAM-B-166-UN8U_6_1440x.webp 1440w" sizes="auto, (max-width: 300px) 100vw, 300px" /></p>

<p>Suporte de Ventosa Ram Mounts</p>
<p>Tablets de 7&#8243; a 8&#8243;</p>
<p>*Quando disponível por encomenda poderá demorar 5 -15 dias a chegar</p>
