{"id":221,"date":"2022-10-18T12:06:36","date_gmt":"2022-10-18T12:06:36","guid":{"rendered":"https:\/\/loja.tectur.pt\/?post_type=product&#038;p=221"},"modified":"2022-10-18T15:01:50","modified_gmt":"2022-10-18T15:01:50","slug":"suporte-ram-mounts-para-tablet-9-10","status":"publish","type":"product","link":"https:\/\/loja.tectur.pt\/?product=suporte-ram-mounts-para-tablet-9-10","title":{"rendered":"Suporte RAM Mounts para Tablet 9&#8243; &#8211; 10&#8243;"},"content":{"rendered":"<ul>\n<li>O RAM-B-189-A-UN9U consiste em uma base de ventosa com trava de tor\u00e7\u00e3o dupla de 3,25&#8243;, bra\u00e7o de encaixe duplo CURTO, adaptador de base redonda e base universal X-Grip\u00ae para tablets de 10&#8243;.<\/li>\n<li>A base da ventosa dupla foi projetada para ter uma fixa\u00e7\u00e3o\u00a0 EXTRA FORTE, em superf\u00edcies de vidro e pl\u00e1stico n\u00e3o poroso.<\/li>\n<\/ul>\n<p><img loading=\"lazy\" decoding=\"async\" class=\"alignnone size-medium wp-image-222\" src=\"https:\/\/loja.tectur.pt\/wp-content\/uploads\/2022\/10\/RAM-B-189-A-UN9U_1_1440x-300x300.webp\" alt=\"\" width=\"300\" height=\"300\" srcset=\"https:\/\/loja.tectur.pt\/wp-content\/uploads\/2022\/10\/RAM-B-189-A-UN9U_1_1440x-300x300.webp 300w, https:\/\/loja.tectur.pt\/wp-content\/uploads\/2022\/10\/RAM-B-189-A-UN9U_1_1440x-150x150.webp 150w, https:\/\/loja.tectur.pt\/wp-content\/uploads\/2022\/10\/RAM-B-189-A-UN9U_1_1440x-768x768.webp 768w, https:\/\/loja.tectur.pt\/wp-content\/uploads\/2022\/10\/RAM-B-189-A-UN9U_1_1440x-241x241.webp 241w, https:\/\/loja.tectur.pt\/wp-content\/uploads\/2022\/10\/RAM-B-189-A-UN9U_1_1440x-530x530.webp 530w, https:\/\/loja.tectur.pt\/wp-content\/uploads\/2022\/10\/RAM-B-189-A-UN9U_1_1440x-100x100.webp 100w, https:\/\/loja.tectur.pt\/wp-content\/uploads\/2022\/10\/RAM-B-189-A-UN9U_1_1440x.webp 800w\" sizes=\"auto, (max-width: 300px) 100vw, 300px\" \/><\/p>\n","protected":false},"excerpt":{"rendered":"<p>Suporte RAM Mounts<\/p>\n<p>Tamanho: \u00a09&#8243; &#8211; 10&#8243;<\/p>\n<p>*Quando dispon\u00edvel por encomenda poder\u00e1 demorar 5 -15 dias a chegar<\/p>\n<p>&nbsp;<\/p>\n","protected":false},"featured_media":222,"comment_status":"open","ping_status":"closed","template":"","meta":[],"product_brand":[],"product_cat":[17,28,15],"product_tag":[],"class_list":{"0":"post-221","1":"product","2":"type-product","3":"status-publish","4":"has-post-thumbnail","6":"product_cat-navegacao-tt","7":"product_cat-ram","8":"product_cat-varios","9":"product_shipping_class-pesado","11":"first","12":"onbackorder","13":"taxable","14":"shipping-taxable","15":"purchasable","16":"product-type-simple"},"jetpack_sharing_enabled":true,"jetpack_likes_enabled":true,"_links":{"self":[{"href":"https:\/\/loja.tectur.pt\/index.php?rest_route=\/wp\/v2\/product\/221","targetHints":{"allow":["GET"]}}],"collection":[{"href":"https:\/\/loja.tectur.pt\/index.php?rest_route=\/wp\/v2\/product"}],"about":[{"href":"https:\/\/loja.tectur.pt\/index.php?rest_route=\/wp\/v2\/types\/product"}],"replies":[{"embeddable":true,"href":"https:\/\/loja.tectur.pt\/index.php?rest_route=%2Fwp%2Fv2%2Fcomments&post=221"}],"wp:featuredmedia":[{"embeddable":true,"href":"https:\/\/loja.tectur.pt\/index.php?rest_route=\/wp\/v2\/media\/222"}],"wp:attachment":[{"href":"https:\/\/loja.tectur.pt\/index.php?rest_route=%2Fwp%2Fv2%2Fmedia&parent=221"}],"wp:term":[{"taxonomy":"product_brand","embeddable":true,"href":"https:\/\/loja.tectur.pt\/index.php?rest_route=%2Fwp%2Fv2%2Fproduct_brand&post=221"},{"taxonomy":"product_cat","embeddable":true,"href":"https:\/\/loja.tectur.pt\/index.php?rest_route=%2Fwp%2Fv2%2Fproduct_cat&post=221"},{"taxonomy":"product_tag","embeddable":true,"href":"https:\/\/loja.tectur.pt\/index.php?rest_route=%2Fwp%2Fv2%2Fproduct_tag&post=221"}],"curies":[{"name":"wp","href":"https:\/\/api.w.org\/{rel}","templated":true}]}}

<ul>
<li>O RAM-B-189-A-UN9U consiste em uma base de ventosa com trava de torção dupla de 3,25&#8243;, braço de encaixe duplo CURTO, adaptador de base redonda e base universal X-Grip® para tablets de 10&#8243;.</li>
<li>A base da ventosa dupla foi projetada para ter uma fixação  EXTRA FORTE, em superfícies de vidro e plástico não poroso.</li>
</ul>
<p><img loading="lazy" decoding="async" class="alignnone size-medium wp-image-222" src="https://loja.tectur.pt/wp-content/uploads/2022/10/RAM-B-189-A-UN9U_1_1440x-300x300.webp" alt="" width="300" height="300" srcset="https://loja.tectur.pt/wp-content/uploads/2022/10/RAM-B-189-A-UN9U_1_1440x-300x300.webp 300w, https://loja.tectur.pt/wp-content/uploads/2022/10/RAM-B-189-A-UN9U_1_1440x-150x150.webp 150w, https://loja.tectur.pt/wp-content/uploads/2022/10/RAM-B-189-A-UN9U_1_1440x-768x768.webp 768w, https://loja.tectur.pt/wp-content/uploads/2022/10/RAM-B-189-A-UN9U_1_1440x-241x241.webp 241w, https://loja.tectur.pt/wp-content/uploads/2022/10/RAM-B-189-A-UN9U_1_1440x-530x530.webp 530w, https://loja.tectur.pt/wp-content/uploads/2022/10/RAM-B-189-A-UN9U_1_1440x-100x100.webp 100w, https://loja.tectur.pt/wp-content/uploads/2022/10/RAM-B-189-A-UN9U_1_1440x.webp 800w" sizes="auto, (max-width: 300px) 100vw, 300px" /></p>

<p>Suporte RAM Mounts</p>
<p>Tamanho:  9&#8243; &#8211; 10&#8243;</p>
<p>*Quando disponível por encomenda poderá demorar 5 -15 dias a chegar</p>
<p>&nbsp;</p>
