{"id":223,"date":"2022-10-18T14:33:34","date_gmt":"2022-10-18T14:33:34","guid":{"rendered":"https:\/\/loja.tectur.pt\/?post_type=product&#038;p=223"},"modified":"2025-04-13T13:43:56","modified_gmt":"2025-04-13T13:43:56","slug":"encaixe-ram-mounts-samsung-tablet-8-com-refrigeracao","status":"publish","type":"product","link":"https:\/\/loja.tectur.pt\/?product=encaixe-ram-mounts-samsung-tablet-8-com-refrigeracao","title":{"rendered":"Encaixe RAM Mounts  Samsung Tablet 8&#8243; com refrigera\u00e7\u00e3o"},"content":{"rendered":"<ul>\n<li>Suporte de encaixe compat\u00edvel com Samsung Galaxy Tab Active3, Tab Active2 e qualquer tablet Samsung de 8&#8243; com RAM\u00ae Tough-Case\u2122<\/li>\n<li>Ventilador embutido para arrefecimento otimizado do tablet<\/li>\n<li>O padr\u00e3o de furos AMPS de 4 furos padr\u00e3o da ind\u00fastria conecta-se a qualquer componente de montagem RAM\u00ae<\/li>\n<\/ul>\n<p>&nbsp;<\/p>\n<p><img loading=\"lazy\" decoding=\"async\" class=\"alignnone size-medium wp-image-224\" src=\"https:\/\/loja.tectur.pt\/wp-content\/uploads\/2022\/10\/RAM-HOL-TC-SAM29FU_1_1440x-300x300.webp\" alt=\"\" width=\"300\" height=\"300\" srcset=\"https:\/\/loja.tectur.pt\/wp-content\/uploads\/2022\/10\/RAM-HOL-TC-SAM29FU_1_1440x-300x300.webp 300w, https:\/\/loja.tectur.pt\/wp-content\/uploads\/2022\/10\/RAM-HOL-TC-SAM29FU_1_1440x-150x150.webp 150w, https:\/\/loja.tectur.pt\/wp-content\/uploads\/2022\/10\/RAM-HOL-TC-SAM29FU_1_1440x-768x768.webp 768w, https:\/\/loja.tectur.pt\/wp-content\/uploads\/2022\/10\/RAM-HOL-TC-SAM29FU_1_1440x-241x241.webp 241w, https:\/\/loja.tectur.pt\/wp-content\/uploads\/2022\/10\/RAM-HOL-TC-SAM29FU_1_1440x-530x530.webp 530w, https:\/\/loja.tectur.pt\/wp-content\/uploads\/2022\/10\/RAM-HOL-TC-SAM29FU_1_1440x-100x100.webp 100w, https:\/\/loja.tectur.pt\/wp-content\/uploads\/2022\/10\/RAM-HOL-TC-SAM29FU_1_1440x.webp 800w\" sizes=\"auto, (max-width: 300px) 100vw, 300px\" \/> <img loading=\"lazy\" decoding=\"async\" class=\"alignnone size-medium wp-image-225\" src=\"https:\/\/loja.tectur.pt\/wp-content\/uploads\/2022\/10\/RAM-HOL-TC-SAM29FU_5_1440x-300x300.webp\" alt=\"\" width=\"300\" height=\"300\" srcset=\"https:\/\/loja.tectur.pt\/wp-content\/uploads\/2022\/10\/RAM-HOL-TC-SAM29FU_5_1440x-300x300.webp 300w, https:\/\/loja.tectur.pt\/wp-content\/uploads\/2022\/10\/RAM-HOL-TC-SAM29FU_5_1440x-150x150.webp 150w, https:\/\/loja.tectur.pt\/wp-content\/uploads\/2022\/10\/RAM-HOL-TC-SAM29FU_5_1440x-768x768.webp 768w, https:\/\/loja.tectur.pt\/wp-content\/uploads\/2022\/10\/RAM-HOL-TC-SAM29FU_5_1440x-241x241.webp 241w, https:\/\/loja.tectur.pt\/wp-content\/uploads\/2022\/10\/RAM-HOL-TC-SAM29FU_5_1440x-530x530.webp 530w, https:\/\/loja.tectur.pt\/wp-content\/uploads\/2022\/10\/RAM-HOL-TC-SAM29FU_5_1440x-100x100.webp 100w, https:\/\/loja.tectur.pt\/wp-content\/uploads\/2022\/10\/RAM-HOL-TC-SAM29FU_5_1440x.webp 800w\" sizes=\"auto, (max-width: 300px) 100vw, 300px\" \/><\/p>\n","protected":false},"excerpt":{"rendered":"<p>O design patenteado RAM\u00ae EZ-Roll&#8217;r\u2122 permite que voc\u00ea insira facilmente o tablet no suporte, mantendo-o seguro no lugar enquanto estiver na estrada.<\/p>\n<p>Este suporte vem com um ventilador embutido para evitar o superaquecimento do tablet para uso a longo prazo.<\/p>\n<p>Pontos de encaixe opcionais s\u00e3o integrados ao suporte para permitir al\u00edvio de tens\u00e3o adicional do cabo enrolado RAM\u00ae Tough-Case\u2122.<\/p>\n<p>*Quando dispon\u00edvel por encomenda poder\u00e1 demorar 5 -15 dias a chegar<\/p>\n","protected":false},"featured_media":224,"comment_status":"open","ping_status":"closed","template":"","meta":[],"product_brand":[],"product_cat":[17,28,15],"product_tag":[],"class_list":{"0":"post-223","1":"product","2":"type-product","3":"status-publish","4":"has-post-thumbnail","6":"product_cat-navegacao-tt","7":"product_cat-ram","8":"product_cat-varios","9":"product_shipping_class-medio","11":"first","12":"onbackorder","13":"taxable","14":"shipping-taxable","15":"purchasable","16":"product-type-simple"},"jetpack_sharing_enabled":true,"jetpack_likes_enabled":true,"_links":{"self":[{"href":"https:\/\/loja.tectur.pt\/index.php?rest_route=\/wp\/v2\/product\/223","targetHints":{"allow":["GET"]}}],"collection":[{"href":"https:\/\/loja.tectur.pt\/index.php?rest_route=\/wp\/v2\/product"}],"about":[{"href":"https:\/\/loja.tectur.pt\/index.php?rest_route=\/wp\/v2\/types\/product"}],"replies":[{"embeddable":true,"href":"https:\/\/loja.tectur.pt\/index.php?rest_route=%2Fwp%2Fv2%2Fcomments&post=223"}],"wp:featuredmedia":[{"embeddable":true,"href":"https:\/\/loja.tectur.pt\/index.php?rest_route=\/wp\/v2\/media\/224"}],"wp:attachment":[{"href":"https:\/\/loja.tectur.pt\/index.php?rest_route=%2Fwp%2Fv2%2Fmedia&parent=223"}],"wp:term":[{"taxonomy":"product_brand","embeddable":true,"href":"https:\/\/loja.tectur.pt\/index.php?rest_route=%2Fwp%2Fv2%2Fproduct_brand&post=223"},{"taxonomy":"product_cat","embeddable":true,"href":"https:\/\/loja.tectur.pt\/index.php?rest_route=%2Fwp%2Fv2%2Fproduct_cat&post=223"},{"taxonomy":"product_tag","embeddable":true,"href":"https:\/\/loja.tectur.pt\/index.php?rest_route=%2Fwp%2Fv2%2Fproduct_tag&post=223"}],"curies":[{"name":"wp","href":"https:\/\/api.w.org\/{rel}","templated":true}]}}

Encaixe RAM Mounts  Samsung Tablet 8&#8243; com refrigeração

<ul>
<li>Suporte de encaixe compatível com Samsung Galaxy Tab Active3, Tab Active2 e qualquer tablet Samsung de 8&#8243; com RAM® Tough-Case™</li>
<li>Ventilador embutido para arrefecimento otimizado do tablet</li>
<li>O padrão de furos AMPS de 4 furos padrão da indústria conecta-se a qualquer componente de montagem RAM®</li>
</ul>
<p>&nbsp;</p>
<p><img loading="lazy" decoding="async" class="alignnone size-medium wp-image-224" src="https://loja.tectur.pt/wp-content/uploads/2022/10/RAM-HOL-TC-SAM29FU_1_1440x-300x300.webp" alt="" width="300" height="300" srcset="https://loja.tectur.pt/wp-content/uploads/2022/10/RAM-HOL-TC-SAM29FU_1_1440x-300x300.webp 300w, https://loja.tectur.pt/wp-content/uploads/2022/10/RAM-HOL-TC-SAM29FU_1_1440x-150x150.webp 150w, https://loja.tectur.pt/wp-content/uploads/2022/10/RAM-HOL-TC-SAM29FU_1_1440x-768x768.webp 768w, https://loja.tectur.pt/wp-content/uploads/2022/10/RAM-HOL-TC-SAM29FU_1_1440x-241x241.webp 241w, https://loja.tectur.pt/wp-content/uploads/2022/10/RAM-HOL-TC-SAM29FU_1_1440x-530x530.webp 530w, https://loja.tectur.pt/wp-content/uploads/2022/10/RAM-HOL-TC-SAM29FU_1_1440x-100x100.webp 100w, https://loja.tectur.pt/wp-content/uploads/2022/10/RAM-HOL-TC-SAM29FU_1_1440x.webp 800w" sizes="auto, (max-width: 300px) 100vw, 300px" /> <img loading="lazy" decoding="async" class="alignnone size-medium wp-image-225" src="https://loja.tectur.pt/wp-content/uploads/2022/10/RAM-HOL-TC-SAM29FU_5_1440x-300x300.webp" alt="" width="300" height="300" srcset="https://loja.tectur.pt/wp-content/uploads/2022/10/RAM-HOL-TC-SAM29FU_5_1440x-300x300.webp 300w, https://loja.tectur.pt/wp-content/uploads/2022/10/RAM-HOL-TC-SAM29FU_5_1440x-150x150.webp 150w, https://loja.tectur.pt/wp-content/uploads/2022/10/RAM-HOL-TC-SAM29FU_5_1440x-768x768.webp 768w, https://loja.tectur.pt/wp-content/uploads/2022/10/RAM-HOL-TC-SAM29FU_5_1440x-241x241.webp 241w, https://loja.tectur.pt/wp-content/uploads/2022/10/RAM-HOL-TC-SAM29FU_5_1440x-530x530.webp 530w, https://loja.tectur.pt/wp-content/uploads/2022/10/RAM-HOL-TC-SAM29FU_5_1440x-100x100.webp 100w, https://loja.tectur.pt/wp-content/uploads/2022/10/RAM-HOL-TC-SAM29FU_5_1440x.webp 800w" sizes="auto, (max-width: 300px) 100vw, 300px" /></p>

<p>O design patenteado RAM® EZ-Roll&#8217;r™ permite que você insira facilmente o tablet no suporte, mantendo-o seguro no lugar enquanto estiver na estrada.</p>
<p>Este suporte vem com um ventilador embutido para evitar o superaquecimento do tablet para uso a longo prazo.</p>
<p>Pontos de encaixe opcionais são integrados ao suporte para permitir alívio de tensão adicional do cabo enrolado RAM® Tough-Case™.</p>
<p>*Quando disponível por encomenda poderá demorar 5 -15 dias a chegar</p>
