{"id":233,"date":"2022-10-18T14:54:14","date_gmt":"2022-10-18T14:54:14","guid":{"rendered":"https:\/\/loja.tectur.pt\/?post_type=product&#038;p=233"},"modified":"2022-10-18T14:59:29","modified_gmt":"2022-10-18T14:59:29","slug":"braco-ram-mounts","status":"publish","type":"product","link":"https:\/\/loja.tectur.pt\/?product=braco-ram-mounts","title":{"rendered":"Bra\u00e7o RAM Mounts"},"content":{"rendered":"<ul>\n<li>O bra\u00e7o de apoio duplo RAM\u00ae fornece um comprimento total ideal de 3,73&#8243; e um comprimento de encaixe a encaixe de 3&#8243;.<\/li>\n<li>Anexa-se a qualquer componente de esfera RAM\u00ae tamanho B, incluindo bases de montagem e suportes de dispositivos; a tecnologia de bola e soquete duplo permite um ajuste quase infinito do seu sistema de montagem RAM\u00ae.<\/li>\n<li>Feito de alum\u00ednio de grau mar\u00edtimo revestido a p\u00f3 para durabilidade e confiabilidade nos ambientes mais exigentes.<\/li>\n<\/ul>\n<p><img loading=\"lazy\" decoding=\"async\" class=\"alignnone size-medium wp-image-235\" src=\"https:\/\/loja.tectur.pt\/wp-content\/uploads\/2022\/10\/RAM-B-201U_2_1440x-300x300.webp\" alt=\"\" width=\"300\" height=\"300\" srcset=\"https:\/\/loja.tectur.pt\/wp-content\/uploads\/2022\/10\/RAM-B-201U_2_1440x-300x300.webp 300w, https:\/\/loja.tectur.pt\/wp-content\/uploads\/2022\/10\/RAM-B-201U_2_1440x-1024x1024.webp 1024w, https:\/\/loja.tectur.pt\/wp-content\/uploads\/2022\/10\/RAM-B-201U_2_1440x-150x150.webp 150w, https:\/\/loja.tectur.pt\/wp-content\/uploads\/2022\/10\/RAM-B-201U_2_1440x-768x768.webp 768w, https:\/\/loja.tectur.pt\/wp-content\/uploads\/2022\/10\/RAM-B-201U_2_1440x-1320x1320.webp 1320w, https:\/\/loja.tectur.pt\/wp-content\/uploads\/2022\/10\/RAM-B-201U_2_1440x-241x241.webp 241w, https:\/\/loja.tectur.pt\/wp-content\/uploads\/2022\/10\/RAM-B-201U_2_1440x-530x530.webp 530w, https:\/\/loja.tectur.pt\/wp-content\/uploads\/2022\/10\/RAM-B-201U_2_1440x-100x100.webp 100w, https:\/\/loja.tectur.pt\/wp-content\/uploads\/2022\/10\/RAM-B-201U_2_1440x.webp 1440w\" sizes=\"auto, (max-width: 300px) 100vw, 300px\" \/> <img loading=\"lazy\" decoding=\"async\" class=\"alignnone size-medium wp-image-236\" src=\"https:\/\/loja.tectur.pt\/wp-content\/uploads\/2022\/10\/RAM-B-201U_3_1440x-300x300.webp\" alt=\"\" width=\"300\" height=\"300\" srcset=\"https:\/\/loja.tectur.pt\/wp-content\/uploads\/2022\/10\/RAM-B-201U_3_1440x-300x300.webp 300w, https:\/\/loja.tectur.pt\/wp-content\/uploads\/2022\/10\/RAM-B-201U_3_1440x-1024x1024.webp 1024w, https:\/\/loja.tectur.pt\/wp-content\/uploads\/2022\/10\/RAM-B-201U_3_1440x-150x150.webp 150w, https:\/\/loja.tectur.pt\/wp-content\/uploads\/2022\/10\/RAM-B-201U_3_1440x-768x768.webp 768w, https:\/\/loja.tectur.pt\/wp-content\/uploads\/2022\/10\/RAM-B-201U_3_1440x-1320x1320.webp 1320w, https:\/\/loja.tectur.pt\/wp-content\/uploads\/2022\/10\/RAM-B-201U_3_1440x-241x241.webp 241w, https:\/\/loja.tectur.pt\/wp-content\/uploads\/2022\/10\/RAM-B-201U_3_1440x-530x530.webp 530w, https:\/\/loja.tectur.pt\/wp-content\/uploads\/2022\/10\/RAM-B-201U_3_1440x-100x100.webp 100w, https:\/\/loja.tectur.pt\/wp-content\/uploads\/2022\/10\/RAM-B-201U_3_1440x.webp 1440w\" sizes=\"auto, (max-width: 300px) 100vw, 300px\" \/> <img loading=\"lazy\" decoding=\"async\" class=\"alignnone size-medium wp-image-237\" src=\"https:\/\/loja.tectur.pt\/wp-content\/uploads\/2022\/10\/RAM-B-201U_4_1440x-300x300.webp\" alt=\"\" width=\"300\" height=\"300\" srcset=\"https:\/\/loja.tectur.pt\/wp-content\/uploads\/2022\/10\/RAM-B-201U_4_1440x-300x300.webp 300w, https:\/\/loja.tectur.pt\/wp-content\/uploads\/2022\/10\/RAM-B-201U_4_1440x-1024x1024.webp 1024w, https:\/\/loja.tectur.pt\/wp-content\/uploads\/2022\/10\/RAM-B-201U_4_1440x-150x150.webp 150w, https:\/\/loja.tectur.pt\/wp-content\/uploads\/2022\/10\/RAM-B-201U_4_1440x-768x768.webp 768w, https:\/\/loja.tectur.pt\/wp-content\/uploads\/2022\/10\/RAM-B-201U_4_1440x-1320x1320.webp 1320w, https:\/\/loja.tectur.pt\/wp-content\/uploads\/2022\/10\/RAM-B-201U_4_1440x-241x241.webp 241w, https:\/\/loja.tectur.pt\/wp-content\/uploads\/2022\/10\/RAM-B-201U_4_1440x-530x530.webp 530w, https:\/\/loja.tectur.pt\/wp-content\/uploads\/2022\/10\/RAM-B-201U_4_1440x-100x100.webp 100w, https:\/\/loja.tectur.pt\/wp-content\/uploads\/2022\/10\/RAM-B-201U_4_1440x.webp 1440w\" sizes=\"auto, (max-width: 300px) 100vw, 300px\" \/> <img loading=\"lazy\" decoding=\"async\" class=\"alignnone size-medium wp-image-238\" src=\"https:\/\/loja.tectur.pt\/wp-content\/uploads\/2022\/10\/RAM-B-201U_5_1440x-300x300.webp\" alt=\"\" width=\"300\" height=\"300\" srcset=\"https:\/\/loja.tectur.pt\/wp-content\/uploads\/2022\/10\/RAM-B-201U_5_1440x-300x300.webp 300w, https:\/\/loja.tectur.pt\/wp-content\/uploads\/2022\/10\/RAM-B-201U_5_1440x-1024x1024.webp 1024w, https:\/\/loja.tectur.pt\/wp-content\/uploads\/2022\/10\/RAM-B-201U_5_1440x-150x150.webp 150w, https:\/\/loja.tectur.pt\/wp-content\/uploads\/2022\/10\/RAM-B-201U_5_1440x-768x768.webp 768w, https:\/\/loja.tectur.pt\/wp-content\/uploads\/2022\/10\/RAM-B-201U_5_1440x-1320x1320.webp 1320w, https:\/\/loja.tectur.pt\/wp-content\/uploads\/2022\/10\/RAM-B-201U_5_1440x-241x241.webp 241w, https:\/\/loja.tectur.pt\/wp-content\/uploads\/2022\/10\/RAM-B-201U_5_1440x-530x530.webp 530w, https:\/\/loja.tectur.pt\/wp-content\/uploads\/2022\/10\/RAM-B-201U_5_1440x-100x100.webp 100w, https:\/\/loja.tectur.pt\/wp-content\/uploads\/2022\/10\/RAM-B-201U_5_1440x.webp 1440w\" sizes=\"auto, (max-width: 300px) 100vw, 300px\" \/> <img loading=\"lazy\" decoding=\"async\" class=\"alignnone size-medium wp-image-239\" src=\"https:\/\/loja.tectur.pt\/wp-content\/uploads\/2022\/10\/RAM-B-201U_7_1440x-300x300.webp\" alt=\"\" width=\"300\" height=\"300\" srcset=\"https:\/\/loja.tectur.pt\/wp-content\/uploads\/2022\/10\/RAM-B-201U_7_1440x-300x300.webp 300w, https:\/\/loja.tectur.pt\/wp-content\/uploads\/2022\/10\/RAM-B-201U_7_1440x-1024x1024.webp 1024w, https:\/\/loja.tectur.pt\/wp-content\/uploads\/2022\/10\/RAM-B-201U_7_1440x-150x150.webp 150w, https:\/\/loja.tectur.pt\/wp-content\/uploads\/2022\/10\/RAM-B-201U_7_1440x-768x768.webp 768w, https:\/\/loja.tectur.pt\/wp-content\/uploads\/2022\/10\/RAM-B-201U_7_1440x-1320x1320.webp 1320w, https:\/\/loja.tectur.pt\/wp-content\/uploads\/2022\/10\/RAM-B-201U_7_1440x-241x241.webp 241w, https:\/\/loja.tectur.pt\/wp-content\/uploads\/2022\/10\/RAM-B-201U_7_1440x-530x530.webp 530w, https:\/\/loja.tectur.pt\/wp-content\/uploads\/2022\/10\/RAM-B-201U_7_1440x-100x100.webp 100w, https:\/\/loja.tectur.pt\/wp-content\/uploads\/2022\/10\/RAM-B-201U_7_1440x.webp 1440w\" sizes=\"auto, (max-width: 300px) 100vw, 300px\" \/><\/p>\n","protected":false},"excerpt":{"rendered":"<p>Bra\u00e7o RAM MOUNT<\/p>\n<p>*Quando dispon\u00edvel por encomenda poder\u00e1 demorar 5 -15 dias a chegar<\/p>\n","protected":false},"featured_media":234,"comment_status":"open","ping_status":"closed","template":"","meta":[],"product_brand":[],"product_cat":[17,28,15],"product_tag":[],"class_list":{"0":"post-233","1":"product","2":"type-product","3":"status-publish","4":"has-post-thumbnail","6":"product_cat-navegacao-tt","7":"product_cat-ram","8":"product_cat-varios","9":"product_shipping_class-medio","11":"first","12":"onbackorder","13":"taxable","14":"shipping-taxable","15":"purchasable","16":"product-type-simple"},"jetpack_sharing_enabled":true,"jetpack_likes_enabled":true,"_links":{"self":[{"href":"https:\/\/loja.tectur.pt\/index.php?rest_route=\/wp\/v2\/product\/233","targetHints":{"allow":["GET"]}}],"collection":[{"href":"https:\/\/loja.tectur.pt\/index.php?rest_route=\/wp\/v2\/product"}],"about":[{"href":"https:\/\/loja.tectur.pt\/index.php?rest_route=\/wp\/v2\/types\/product"}],"replies":[{"embeddable":true,"href":"https:\/\/loja.tectur.pt\/index.php?rest_route=%2Fwp%2Fv2%2Fcomments&post=233"}],"wp:featuredmedia":[{"embeddable":true,"href":"https:\/\/loja.tectur.pt\/index.php?rest_route=\/wp\/v2\/media\/234"}],"wp:attachment":[{"href":"https:\/\/loja.tectur.pt\/index.php?rest_route=%2Fwp%2Fv2%2Fmedia&parent=233"}],"wp:term":[{"taxonomy":"product_brand","embeddable":true,"href":"https:\/\/loja.tectur.pt\/index.php?rest_route=%2Fwp%2Fv2%2Fproduct_brand&post=233"},{"taxonomy":"product_cat","embeddable":true,"href":"https:\/\/loja.tectur.pt\/index.php?rest_route=%2Fwp%2Fv2%2Fproduct_cat&post=233"},{"taxonomy":"product_tag","embeddable":true,"href":"https:\/\/loja.tectur.pt\/index.php?rest_route=%2Fwp%2Fv2%2Fproduct_tag&post=233"}],"curies":[{"name":"wp","href":"https:\/\/api.w.org\/{rel}","templated":true}]}}

Braço RAM Mounts

<ul>
<li>O braço de apoio duplo RAM® fornece um comprimento total ideal de 3,73&#8243; e um comprimento de encaixe a encaixe de 3&#8243;.</li>
<li>Anexa-se a qualquer componente de esfera RAM® tamanho B, incluindo bases de montagem e suportes de dispositivos; a tecnologia de bola e soquete duplo permite um ajuste quase infinito do seu sistema de montagem RAM®.</li>
<li>Feito de alumínio de grau marítimo revestido a pó para durabilidade e confiabilidade nos ambientes mais exigentes.</li>
</ul>
<p><img loading="lazy" decoding="async" class="alignnone size-medium wp-image-235" src="https://loja.tectur.pt/wp-content/uploads/2022/10/RAM-B-201U_2_1440x-300x300.webp" alt="" width="300" height="300" srcset="https://loja.tectur.pt/wp-content/uploads/2022/10/RAM-B-201U_2_1440x-300x300.webp 300w, https://loja.tectur.pt/wp-content/uploads/2022/10/RAM-B-201U_2_1440x-1024x1024.webp 1024w, https://loja.tectur.pt/wp-content/uploads/2022/10/RAM-B-201U_2_1440x-150x150.webp 150w, https://loja.tectur.pt/wp-content/uploads/2022/10/RAM-B-201U_2_1440x-768x768.webp 768w, https://loja.tectur.pt/wp-content/uploads/2022/10/RAM-B-201U_2_1440x-1320x1320.webp 1320w, https://loja.tectur.pt/wp-content/uploads/2022/10/RAM-B-201U_2_1440x-241x241.webp 241w, https://loja.tectur.pt/wp-content/uploads/2022/10/RAM-B-201U_2_1440x-530x530.webp 530w, https://loja.tectur.pt/wp-content/uploads/2022/10/RAM-B-201U_2_1440x-100x100.webp 100w, https://loja.tectur.pt/wp-content/uploads/2022/10/RAM-B-201U_2_1440x.webp 1440w" sizes="auto, (max-width: 300px) 100vw, 300px" /> <img loading="lazy" decoding="async" class="alignnone size-medium wp-image-236" src="https://loja.tectur.pt/wp-content/uploads/2022/10/RAM-B-201U_3_1440x-300x300.webp" alt="" width="300" height="300" srcset="https://loja.tectur.pt/wp-content/uploads/2022/10/RAM-B-201U_3_1440x-300x300.webp 300w, https://loja.tectur.pt/wp-content/uploads/2022/10/RAM-B-201U_3_1440x-1024x1024.webp 1024w, https://loja.tectur.pt/wp-content/uploads/2022/10/RAM-B-201U_3_1440x-150x150.webp 150w, https://loja.tectur.pt/wp-content/uploads/2022/10/RAM-B-201U_3_1440x-768x768.webp 768w, https://loja.tectur.pt/wp-content/uploads/2022/10/RAM-B-201U_3_1440x-1320x1320.webp 1320w, https://loja.tectur.pt/wp-content/uploads/2022/10/RAM-B-201U_3_1440x-241x241.webp 241w, https://loja.tectur.pt/wp-content/uploads/2022/10/RAM-B-201U_3_1440x-530x530.webp 530w, https://loja.tectur.pt/wp-content/uploads/2022/10/RAM-B-201U_3_1440x-100x100.webp 100w, https://loja.tectur.pt/wp-content/uploads/2022/10/RAM-B-201U_3_1440x.webp 1440w" sizes="auto, (max-width: 300px) 100vw, 300px" /> <img loading="lazy" decoding="async" class="alignnone size-medium wp-image-237" src="https://loja.tectur.pt/wp-content/uploads/2022/10/RAM-B-201U_4_1440x-300x300.webp" alt="" width="300" height="300" srcset="https://loja.tectur.pt/wp-content/uploads/2022/10/RAM-B-201U_4_1440x-300x300.webp 300w, https://loja.tectur.pt/wp-content/uploads/2022/10/RAM-B-201U_4_1440x-1024x1024.webp 1024w, https://loja.tectur.pt/wp-content/uploads/2022/10/RAM-B-201U_4_1440x-150x150.webp 150w, https://loja.tectur.pt/wp-content/uploads/2022/10/RAM-B-201U_4_1440x-768x768.webp 768w, https://loja.tectur.pt/wp-content/uploads/2022/10/RAM-B-201U_4_1440x-1320x1320.webp 1320w, https://loja.tectur.pt/wp-content/uploads/2022/10/RAM-B-201U_4_1440x-241x241.webp 241w, https://loja.tectur.pt/wp-content/uploads/2022/10/RAM-B-201U_4_1440x-530x530.webp 530w, https://loja.tectur.pt/wp-content/uploads/2022/10/RAM-B-201U_4_1440x-100x100.webp 100w, https://loja.tectur.pt/wp-content/uploads/2022/10/RAM-B-201U_4_1440x.webp 1440w" sizes="auto, (max-width: 300px) 100vw, 300px" /> <img loading="lazy" decoding="async" class="alignnone size-medium wp-image-238" src="https://loja.tectur.pt/wp-content/uploads/2022/10/RAM-B-201U_5_1440x-300x300.webp" alt="" width="300" height="300" srcset="https://loja.tectur.pt/wp-content/uploads/2022/10/RAM-B-201U_5_1440x-300x300.webp 300w, https://loja.tectur.pt/wp-content/uploads/2022/10/RAM-B-201U_5_1440x-1024x1024.webp 1024w, https://loja.tectur.pt/wp-content/uploads/2022/10/RAM-B-201U_5_1440x-150x150.webp 150w, https://loja.tectur.pt/wp-content/uploads/2022/10/RAM-B-201U_5_1440x-768x768.webp 768w, https://loja.tectur.pt/wp-content/uploads/2022/10/RAM-B-201U_5_1440x-1320x1320.webp 1320w, https://loja.tectur.pt/wp-content/uploads/2022/10/RAM-B-201U_5_1440x-241x241.webp 241w, https://loja.tectur.pt/wp-content/uploads/2022/10/RAM-B-201U_5_1440x-530x530.webp 530w, https://loja.tectur.pt/wp-content/uploads/2022/10/RAM-B-201U_5_1440x-100x100.webp 100w, https://loja.tectur.pt/wp-content/uploads/2022/10/RAM-B-201U_5_1440x.webp 1440w" sizes="auto, (max-width: 300px) 100vw, 300px" /> <img loading="lazy" decoding="async" class="alignnone size-medium wp-image-239" src="https://loja.tectur.pt/wp-content/uploads/2022/10/RAM-B-201U_7_1440x-300x300.webp" alt="" width="300" height="300" srcset="https://loja.tectur.pt/wp-content/uploads/2022/10/RAM-B-201U_7_1440x-300x300.webp 300w, https://loja.tectur.pt/wp-content/uploads/2022/10/RAM-B-201U_7_1440x-1024x1024.webp 1024w, https://loja.tectur.pt/wp-content/uploads/2022/10/RAM-B-201U_7_1440x-150x150.webp 150w, https://loja.tectur.pt/wp-content/uploads/2022/10/RAM-B-201U_7_1440x-768x768.webp 768w, https://loja.tectur.pt/wp-content/uploads/2022/10/RAM-B-201U_7_1440x-1320x1320.webp 1320w, https://loja.tectur.pt/wp-content/uploads/2022/10/RAM-B-201U_7_1440x-241x241.webp 241w, https://loja.tectur.pt/wp-content/uploads/2022/10/RAM-B-201U_7_1440x-530x530.webp 530w, https://loja.tectur.pt/wp-content/uploads/2022/10/RAM-B-201U_7_1440x-100x100.webp 100w, https://loja.tectur.pt/wp-content/uploads/2022/10/RAM-B-201U_7_1440x.webp 1440w" sizes="auto, (max-width: 300px) 100vw, 300px" /></p>

<p>Braço RAM MOUNT</p>
<p>*Quando disponível por encomenda poderá demorar 5 -15 dias a chegar</p>
