{"id":308,"date":"2022-12-06T12:11:39","date_gmt":"2022-12-06T12:11:39","guid":{"rendered":"https:\/\/loja.tectur.pt\/?post_type=product&#038;p=308"},"modified":"2023-04-08T11:32:04","modified_gmt":"2023-04-08T11:32:04","slug":"painel-multi-funcoes-de-6-botoes","status":"publish","type":"product","link":"https:\/\/loja.tectur.pt\/?product=painel-multi-funcoes-de-6-botoes","title":{"rendered":"Painel Multi fun\u00e7\u00f5es de 6 bot\u00f5es"},"content":{"rendered":"<p>Farto de bot\u00f5es espalhados pelo jipe e fios com liga\u00e7\u00f5es manhosas?<\/p>\n<p>A Tectur simplificada, painel switch de 6 bot\u00f5es com caixa de fus\u00edveis para simplificar as instala\u00e7\u00f5es, passamos um cabo para dentro do jipe que \u00e9 do painel e deixamos a caixa onde vamos ligar os equipamentos onde quiser, pode ligar luzes, frigor\u00edfico, bloqueios e muito mais.<\/p>\n<p><strong>Caracter\u00edsticas:<\/strong><\/p>\n<p>&#8211; Multi-posi\u00e7\u00e3o de instala\u00e7\u00e3o e ampla aplica\u00e7\u00e3o. Com suportes diferentes.<\/p>\n<p>&#8211; Sistema universal do rel\u00e9 do painel de 6 interruptores.<\/p>\n<p>&#8211; Personalize seu pr\u00f3prio painel, com 50 adesivos universais.<\/p>\n<p>&#8211; Tudo em um design para sua conveni\u00eancia final. Este kit tem tudo o que voc\u00ea precisa para instala\u00e7\u00e3o e uso. N\u00e3o h\u00e1 necessidade de comprar pe\u00e7as extras.<\/p>\n<p>&#8211; Luz de fundo regul\u00e1vel autom\u00e1tica para condu\u00e7\u00e3o mais confort\u00e1vel.<\/p>\n<p>&#8211; Na estrada ou outros lugares brilhantes, o painel do interruptor ser\u00e1 mais brilhante, assim voc\u00ea pode v\u00ea-lo claramente.<\/p>\n<p>-Em lugares escuros, o painel reduz a luz, para reduzir o impacto na vis\u00e3o do condutor.<\/p>\n<p><strong>Especifica\u00e7\u00e3o:<\/strong><\/p>\n<p>Tipo de material: Alum\u00ednio<\/p>\n<p>Tens\u00e3o de entrada: 12v DC<\/p>\n<p>Pot\u00eancia m\u00e1xima: 720w<\/p>\n<p>Corrente m\u00e1xima: 60A<\/p>\n<p>Com sensor de luz: sim<\/p>\n<p data-spm-anchor-id=\"a2g0o.detail.1000023.i4.2f566c29KJgw3c\">Temperatura de funcionamento: &#8211; 40 \u00b0 c ~ + 105 \u00b0 c<\/p>\n<p data-spm-anchor-id=\"a2g0o.detail.1000023.i4.2f566c29KJgw3c\"><img loading=\"lazy\" decoding=\"async\" class=\"alignnone wp-image-323\" src=\"https:\/\/loja.tectur.pt\/wp-content\/uploads\/2022\/12\/Painel-de-interruptor-universal-liga-desliga-6-grupos-sistema-de-energia-com-retroilumina-o-led-sistema-300x300.jpg\" alt=\"\" width=\"578\" height=\"578\" srcset=\"https:\/\/loja.tectur.pt\/wp-content\/uploads\/2022\/12\/Painel-de-interruptor-universal-liga-desliga-6-grupos-sistema-de-energia-com-retroilumina-o-led-sistema-300x300.jpg 300w, https:\/\/loja.tectur.pt\/wp-content\/uploads\/2022\/12\/Painel-de-interruptor-universal-liga-desliga-6-grupos-sistema-de-energia-com-retroilumina-o-led-sistema-1024x1024.jpg 1024w, https:\/\/loja.tectur.pt\/wp-content\/uploads\/2022\/12\/Painel-de-interruptor-universal-liga-desliga-6-grupos-sistema-de-energia-com-retroilumina-o-led-sistema-150x150.jpg 150w, https:\/\/loja.tectur.pt\/wp-content\/uploads\/2022\/12\/Painel-de-interruptor-universal-liga-desliga-6-grupos-sistema-de-energia-com-retroilumina-o-led-sistema-768x768.jpg 768w, https:\/\/loja.tectur.pt\/wp-content\/uploads\/2022\/12\/Painel-de-interruptor-universal-liga-desliga-6-grupos-sistema-de-energia-com-retroilumina-o-led-sistema-1536x1536.jpg 1536w, https:\/\/loja.tectur.pt\/wp-content\/uploads\/2022\/12\/Painel-de-interruptor-universal-liga-desliga-6-grupos-sistema-de-energia-com-retroilumina-o-led-sistema-1320x1320.jpg 1320w, https:\/\/loja.tectur.pt\/wp-content\/uploads\/2022\/12\/Painel-de-interruptor-universal-liga-desliga-6-grupos-sistema-de-energia-com-retroilumina-o-led-sistema-241x241.jpg 241w, https:\/\/loja.tectur.pt\/wp-content\/uploads\/2022\/12\/Painel-de-interruptor-universal-liga-desliga-6-grupos-sistema-de-energia-com-retroilumina-o-led-sistema-530x530.jpg 530w, https:\/\/loja.tectur.pt\/wp-content\/uploads\/2022\/12\/Painel-de-interruptor-universal-liga-desliga-6-grupos-sistema-de-energia-com-retroilumina-o-led-sistema-100x100.jpg 100w, https:\/\/loja.tectur.pt\/wp-content\/uploads\/2022\/12\/Painel-de-interruptor-universal-liga-desliga-6-grupos-sistema-de-energia-com-retroilumina-o-led-sistema.jpg 1600w\" sizes=\"auto, (max-width: 578px) 100vw, 578px\" \/><\/p>\n<p data-spm-anchor-id=\"a2g0o.detail.1000023.i4.2f566c29KJgw3c\"><img loading=\"lazy\" decoding=\"async\" class=\"alignnone wp-image-316\" src=\"https:\/\/loja.tectur.pt\/wp-content\/uploads\/2022\/12\/S0df866a0cb854c0d827b8d87ed5ca6ec7-300x300.jpg\" alt=\"\" width=\"571\" height=\"571\" srcset=\"https:\/\/loja.tectur.pt\/wp-content\/uploads\/2022\/12\/S0df866a0cb854c0d827b8d87ed5ca6ec7-300x300.jpg 300w, https:\/\/loja.tectur.pt\/wp-content\/uploads\/2022\/12\/S0df866a0cb854c0d827b8d87ed5ca6ec7-150x150.jpg 150w, https:\/\/loja.tectur.pt\/wp-content\/uploads\/2022\/12\/S0df866a0cb854c0d827b8d87ed5ca6ec7-768x768.jpg 768w, https:\/\/loja.tectur.pt\/wp-content\/uploads\/2022\/12\/S0df866a0cb854c0d827b8d87ed5ca6ec7-241x241.jpg 241w, https:\/\/loja.tectur.pt\/wp-content\/uploads\/2022\/12\/S0df866a0cb854c0d827b8d87ed5ca6ec7-530x530.jpg 530w, https:\/\/loja.tectur.pt\/wp-content\/uploads\/2022\/12\/S0df866a0cb854c0d827b8d87ed5ca6ec7-100x100.jpg 100w, https:\/\/loja.tectur.pt\/wp-content\/uploads\/2022\/12\/S0df866a0cb854c0d827b8d87ed5ca6ec7.jpg 1000w\" sizes=\"auto, (max-width: 571px) 100vw, 571px\" \/> <img loading=\"lazy\" decoding=\"async\" class=\"alignnone wp-image-317\" src=\"https:\/\/loja.tectur.pt\/wp-content\/uploads\/2022\/12\/S450234369fde40bc832e19b6ed5001abd-300x300.jpg\" alt=\"\" width=\"570\" height=\"570\" srcset=\"https:\/\/loja.tectur.pt\/wp-content\/uploads\/2022\/12\/S450234369fde40bc832e19b6ed5001abd-300x300.jpg 300w, https:\/\/loja.tectur.pt\/wp-content\/uploads\/2022\/12\/S450234369fde40bc832e19b6ed5001abd-150x150.jpg 150w, https:\/\/loja.tectur.pt\/wp-content\/uploads\/2022\/12\/S450234369fde40bc832e19b6ed5001abd-768x768.jpg 768w, https:\/\/loja.tectur.pt\/wp-content\/uploads\/2022\/12\/S450234369fde40bc832e19b6ed5001abd-241x241.jpg 241w, https:\/\/loja.tectur.pt\/wp-content\/uploads\/2022\/12\/S450234369fde40bc832e19b6ed5001abd-530x530.jpg 530w, https:\/\/loja.tectur.pt\/wp-content\/uploads\/2022\/12\/S450234369fde40bc832e19b6ed5001abd-100x100.jpg 100w, https:\/\/loja.tectur.pt\/wp-content\/uploads\/2022\/12\/S450234369fde40bc832e19b6ed5001abd.jpg 1000w\" sizes=\"auto, (max-width: 570px) 100vw, 570px\" \/> <img loading=\"lazy\" decoding=\"async\" class=\"alignnone wp-image-318\" src=\"https:\/\/loja.tectur.pt\/wp-content\/uploads\/2022\/12\/S5cac78d9cf07423c94283566e3d6b1010-300x300.jpg\" alt=\"\" width=\"568\" height=\"568\" srcset=\"https:\/\/loja.tectur.pt\/wp-content\/uploads\/2022\/12\/S5cac78d9cf07423c94283566e3d6b1010-300x300.jpg 300w, https:\/\/loja.tectur.pt\/wp-content\/uploads\/2022\/12\/S5cac78d9cf07423c94283566e3d6b1010-150x150.jpg 150w, https:\/\/loja.tectur.pt\/wp-content\/uploads\/2022\/12\/S5cac78d9cf07423c94283566e3d6b1010-768x768.jpg 768w, https:\/\/loja.tectur.pt\/wp-content\/uploads\/2022\/12\/S5cac78d9cf07423c94283566e3d6b1010-241x241.jpg 241w, https:\/\/loja.tectur.pt\/wp-content\/uploads\/2022\/12\/S5cac78d9cf07423c94283566e3d6b1010-530x530.jpg 530w, https:\/\/loja.tectur.pt\/wp-content\/uploads\/2022\/12\/S5cac78d9cf07423c94283566e3d6b1010-100x100.jpg 100w, https:\/\/loja.tectur.pt\/wp-content\/uploads\/2022\/12\/S5cac78d9cf07423c94283566e3d6b1010.jpg 1000w\" sizes=\"auto, (max-width: 568px) 100vw, 568px\" \/><\/p>\n<p data-spm-anchor-id=\"a2g0o.detail.1000023.i4.2f566c29KJgw3c\"><img loading=\"lazy\" decoding=\"async\" class=\"alignnone wp-image-320\" src=\"https:\/\/loja.tectur.pt\/wp-content\/uploads\/2022\/12\/H9ea2bc278ba34ebbaac4ef9028da3783g-300x300.jpg\" alt=\"\" width=\"565\" height=\"565\" srcset=\"https:\/\/loja.tectur.pt\/wp-content\/uploads\/2022\/12\/H9ea2bc278ba34ebbaac4ef9028da3783g-300x300.jpg 300w, https:\/\/loja.tectur.pt\/wp-content\/uploads\/2022\/12\/H9ea2bc278ba34ebbaac4ef9028da3783g-150x150.jpg 150w, https:\/\/loja.tectur.pt\/wp-content\/uploads\/2022\/12\/H9ea2bc278ba34ebbaac4ef9028da3783g-768x768.jpg 768w, https:\/\/loja.tectur.pt\/wp-content\/uploads\/2022\/12\/H9ea2bc278ba34ebbaac4ef9028da3783g-241x241.jpg 241w, https:\/\/loja.tectur.pt\/wp-content\/uploads\/2022\/12\/H9ea2bc278ba34ebbaac4ef9028da3783g-530x530.jpg 530w, https:\/\/loja.tectur.pt\/wp-content\/uploads\/2022\/12\/H9ea2bc278ba34ebbaac4ef9028da3783g-100x100.jpg 100w, https:\/\/loja.tectur.pt\/wp-content\/uploads\/2022\/12\/H9ea2bc278ba34ebbaac4ef9028da3783g.jpg 800w\" sizes=\"auto, (max-width: 565px) 100vw, 565px\" \/> <img loading=\"lazy\" decoding=\"async\" class=\"alignnone wp-image-321\" src=\"https:\/\/loja.tectur.pt\/wp-content\/uploads\/2022\/12\/Hc6a15c9a89374829955ab7ef2513c895I-300x300.jpg\" alt=\"\" width=\"516\" height=\"516\" srcset=\"https:\/\/loja.tectur.pt\/wp-content\/uploads\/2022\/12\/Hc6a15c9a89374829955ab7ef2513c895I-300x300.jpg 300w, https:\/\/loja.tectur.pt\/wp-content\/uploads\/2022\/12\/Hc6a15c9a89374829955ab7ef2513c895I-150x150.jpg 150w, https:\/\/loja.tectur.pt\/wp-content\/uploads\/2022\/12\/Hc6a15c9a89374829955ab7ef2513c895I-768x768.jpg 768w, https:\/\/loja.tectur.pt\/wp-content\/uploads\/2022\/12\/Hc6a15c9a89374829955ab7ef2513c895I-241x241.jpg 241w, https:\/\/loja.tectur.pt\/wp-content\/uploads\/2022\/12\/Hc6a15c9a89374829955ab7ef2513c895I-530x530.jpg 530w, https:\/\/loja.tectur.pt\/wp-content\/uploads\/2022\/12\/Hc6a15c9a89374829955ab7ef2513c895I-100x100.jpg 100w, https:\/\/loja.tectur.pt\/wp-content\/uploads\/2022\/12\/Hc6a15c9a89374829955ab7ef2513c895I.jpg 800w\" sizes=\"auto, (max-width: 516px) 100vw, 516px\" \/><\/p>\n<p data-spm-anchor-id=\"a2g0o.detail.1000023.i4.2f566c29KJgw3c\"><img loading=\"lazy\" decoding=\"async\" class=\"alignnone wp-image-311\" src=\"https:\/\/loja.tectur.pt\/wp-content\/uploads\/2022\/12\/318417827_828656988496128_6647772312982658375_n-300x225.jpg\" alt=\"\" width=\"500\" height=\"375\" srcset=\"https:\/\/loja.tectur.pt\/wp-content\/uploads\/2022\/12\/318417827_828656988496128_6647772312982658375_n-300x225.jpg 300w, https:\/\/loja.tectur.pt\/wp-content\/uploads\/2022\/12\/318417827_828656988496128_6647772312982658375_n-1024x768.jpg 1024w, https:\/\/loja.tectur.pt\/wp-content\/uploads\/2022\/12\/318417827_828656988496128_6647772312982658375_n-768x576.jpg 768w, https:\/\/loja.tectur.pt\/wp-content\/uploads\/2022\/12\/318417827_828656988496128_6647772312982658375_n-1536x1152.jpg 1536w, https:\/\/loja.tectur.pt\/wp-content\/uploads\/2022\/12\/318417827_828656988496128_6647772312982658375_n-1320x990.jpg 1320w, https:\/\/loja.tectur.pt\/wp-content\/uploads\/2022\/12\/318417827_828656988496128_6647772312982658375_n-530x398.jpg 530w, https:\/\/loja.tectur.pt\/wp-content\/uploads\/2022\/12\/318417827_828656988496128_6647772312982658375_n.jpg 2048w\" sizes=\"auto, (max-width: 500px) 100vw, 500px\" \/> <img loading=\"lazy\" decoding=\"async\" class=\"alignnone wp-image-310\" src=\"https:\/\/loja.tectur.pt\/wp-content\/uploads\/2022\/12\/318364751_828657005162793_2761176216556733218_n-300x225.jpg\" alt=\"\" width=\"499\" height=\"374\" srcset=\"https:\/\/loja.tectur.pt\/wp-content\/uploads\/2022\/12\/318364751_828657005162793_2761176216556733218_n-300x225.jpg 300w, https:\/\/loja.tectur.pt\/wp-content\/uploads\/2022\/12\/318364751_828657005162793_2761176216556733218_n-1024x768.jpg 1024w, https:\/\/loja.tectur.pt\/wp-content\/uploads\/2022\/12\/318364751_828657005162793_2761176216556733218_n-768x576.jpg 768w, https:\/\/loja.tectur.pt\/wp-content\/uploads\/2022\/12\/318364751_828657005162793_2761176216556733218_n-1536x1152.jpg 1536w, https:\/\/loja.tectur.pt\/wp-content\/uploads\/2022\/12\/318364751_828657005162793_2761176216556733218_n-1320x990.jpg 1320w, https:\/\/loja.tectur.pt\/wp-content\/uploads\/2022\/12\/318364751_828657005162793_2761176216556733218_n-530x398.jpg 530w, https:\/\/loja.tectur.pt\/wp-content\/uploads\/2022\/12\/318364751_828657005162793_2761176216556733218_n.jpg 2048w\" sizes=\"auto, (max-width: 499px) 100vw, 499px\" \/> <img loading=\"lazy\" decoding=\"async\" class=\"alignnone wp-image-313\" src=\"https:\/\/loja.tectur.pt\/wp-content\/uploads\/2022\/12\/318499247_828656978496129_2264565911162509316_n-300x225.jpg\" alt=\"\" width=\"499\" height=\"374\" srcset=\"https:\/\/loja.tectur.pt\/wp-content\/uploads\/2022\/12\/318499247_828656978496129_2264565911162509316_n-300x225.jpg 300w, https:\/\/loja.tectur.pt\/wp-content\/uploads\/2022\/12\/318499247_828656978496129_2264565911162509316_n-1024x768.jpg 1024w, https:\/\/loja.tectur.pt\/wp-content\/uploads\/2022\/12\/318499247_828656978496129_2264565911162509316_n-768x576.jpg 768w, https:\/\/loja.tectur.pt\/wp-content\/uploads\/2022\/12\/318499247_828656978496129_2264565911162509316_n-1536x1152.jpg 1536w, https:\/\/loja.tectur.pt\/wp-content\/uploads\/2022\/12\/318499247_828656978496129_2264565911162509316_n-1320x990.jpg 1320w, https:\/\/loja.tectur.pt\/wp-content\/uploads\/2022\/12\/318499247_828656978496129_2264565911162509316_n-530x398.jpg 530w, https:\/\/loja.tectur.pt\/wp-content\/uploads\/2022\/12\/318499247_828656978496129_2264565911162509316_n.jpg 2048w\" sizes=\"auto, (max-width: 499px) 100vw, 499px\" \/><\/p>\n<p data-spm-anchor-id=\"a2g0o.detail.1000023.i4.2f566c29KJgw3c\"><img loading=\"lazy\" decoding=\"async\" class=\"alignnone wp-image-322\" src=\"https:\/\/loja.tectur.pt\/wp-content\/uploads\/2022\/12\/Painel-de-interruptor-universal-liga-desliga-6-grupos-sistema-de-energia-com-retroilumina-o-led-sistema-1-300x300.jpg\" alt=\"\" width=\"504\" height=\"504\" srcset=\"https:\/\/loja.tectur.pt\/wp-content\/uploads\/2022\/12\/Painel-de-interruptor-universal-liga-desliga-6-grupos-sistema-de-energia-com-retroilumina-o-led-sistema-1-300x300.jpg 300w, https:\/\/loja.tectur.pt\/wp-content\/uploads\/2022\/12\/Painel-de-interruptor-universal-liga-desliga-6-grupos-sistema-de-energia-com-retroilumina-o-led-sistema-1-1024x1024.jpg 1024w, https:\/\/loja.tectur.pt\/wp-content\/uploads\/2022\/12\/Painel-de-interruptor-universal-liga-desliga-6-grupos-sistema-de-energia-com-retroilumina-o-led-sistema-1-150x150.jpg 150w, https:\/\/loja.tectur.pt\/wp-content\/uploads\/2022\/12\/Painel-de-interruptor-universal-liga-desliga-6-grupos-sistema-de-energia-com-retroilumina-o-led-sistema-1-768x768.jpg 768w, https:\/\/loja.tectur.pt\/wp-content\/uploads\/2022\/12\/Painel-de-interruptor-universal-liga-desliga-6-grupos-sistema-de-energia-com-retroilumina-o-led-sistema-1-1536x1536.jpg 1536w, https:\/\/loja.tectur.pt\/wp-content\/uploads\/2022\/12\/Painel-de-interruptor-universal-liga-desliga-6-grupos-sistema-de-energia-com-retroilumina-o-led-sistema-1-1320x1320.jpg 1320w, https:\/\/loja.tectur.pt\/wp-content\/uploads\/2022\/12\/Painel-de-interruptor-universal-liga-desliga-6-grupos-sistema-de-energia-com-retroilumina-o-led-sistema-1-241x241.jpg 241w, https:\/\/loja.tectur.pt\/wp-content\/uploads\/2022\/12\/Painel-de-interruptor-universal-liga-desliga-6-grupos-sistema-de-energia-com-retroilumina-o-led-sistema-1-530x530.jpg 530w, https:\/\/loja.tectur.pt\/wp-content\/uploads\/2022\/12\/Painel-de-interruptor-universal-liga-desliga-6-grupos-sistema-de-energia-com-retroilumina-o-led-sistema-1-100x100.jpg 100w, https:\/\/loja.tectur.pt\/wp-content\/uploads\/2022\/12\/Painel-de-interruptor-universal-liga-desliga-6-grupos-sistema-de-energia-com-retroilumina-o-led-sistema-1.jpg 1600w\" sizes=\"auto, (max-width: 504px) 100vw, 504px\" \/><\/p>\n","protected":false},"excerpt":{"rendered":"<p>Painel e caixa para liga\u00e7\u00e3o el\u00e9trica simplificada de 6 bot\u00f5es.<\/p>\n","protected":false},"featured_media":309,"comment_status":"open","ping_status":"closed","template":"","meta":[],"product_brand":[],"product_cat":[30,18,15],"product_tag":[],"class_list":{"0":"post-308","1":"product","2":"type-product","3":"status-publish","4":"has-post-thumbnail","6":"product_cat-equip_elec","7":"product_cat-equipamentos-outdoor","8":"product_cat-varios","9":"product_shipping_class-pesado-2","11":"first","12":"onbackorder","13":"taxable","14":"shipping-taxable","15":"purchasable","16":"product-type-simple"},"jetpack_sharing_enabled":true,"jetpack_likes_enabled":true,"_links":{"self":[{"href":"https:\/\/loja.tectur.pt\/index.php?rest_route=\/wp\/v2\/product\/308","targetHints":{"allow":["GET"]}}],"collection":[{"href":"https:\/\/loja.tectur.pt\/index.php?rest_route=\/wp\/v2\/product"}],"about":[{"href":"https:\/\/loja.tectur.pt\/index.php?rest_route=\/wp\/v2\/types\/product"}],"replies":[{"embeddable":true,"href":"https:\/\/loja.tectur.pt\/index.php?rest_route=%2Fwp%2Fv2%2Fcomments&post=308"}],"wp:featuredmedia":[{"embeddable":true,"href":"https:\/\/loja.tectur.pt\/index.php?rest_route=\/wp\/v2\/media\/309"}],"wp:attachment":[{"href":"https:\/\/loja.tectur.pt\/index.php?rest_route=%2Fwp%2Fv2%2Fmedia&parent=308"}],"wp:term":[{"taxonomy":"product_brand","embeddable":true,"href":"https:\/\/loja.tectur.pt\/index.php?rest_route=%2Fwp%2Fv2%2Fproduct_brand&post=308"},{"taxonomy":"product_cat","embeddable":true,"href":"https:\/\/loja.tectur.pt\/index.php?rest_route=%2Fwp%2Fv2%2Fproduct_cat&post=308"},{"taxonomy":"product_tag","embeddable":true,"href":"https:\/\/loja.tectur.pt\/index.php?rest_route=%2Fwp%2Fv2%2Fproduct_tag&post=308"}],"curies":[{"name":"wp","href":"https:\/\/api.w.org\/{rel}","templated":true}]}}