{"id":443,"date":"2023-10-02T19:01:32","date_gmt":"2023-10-02T19:01:32","guid":{"rendered":"https:\/\/loja.tectur.pt\/?post_type=product&#038;p=443"},"modified":"2026-01-25T13:49:35","modified_gmt":"2026-01-25T13:49:35","slug":"navegacao-off-road-nav5-mini-2-rugged","status":"publish","type":"product","link":"https:\/\/loja.tectur.pt\/?product=navegacao-off-road-nav5-mini-2-rugged","title":{"rendered":"Navega\u00e7\u00e3o Off Road Nav5 Mini 2 Rugged- Novo Equipamento"},"content":{"rendered":"<p><strong>Completamente configurado para navega\u00e7\u00e3o fora de estrada e adaptado a condu\u00e7\u00e3o, este ser\u00e1 o seu GPS de elei\u00e7\u00e3o, esteja a viajar por estradas de alcatr\u00e3o ou por estradas de terra. Totalmente Offline (n\u00e3o necessita de internet para navega\u00e7\u00e3o), pontos de interesse variados e pronto a usar.<\/strong><\/p>\n<p><strong>Ter\u00e1 indica\u00e7\u00f5es por voz e visuais (tipo Roadbook), mesmo em rotas de terra, criadas por si, ou tiradas de outro local.<\/strong><\/p>\n<p><strong>Tem Bateria 11000 mAh com carregamento r\u00e1pido 18W, Android 14<\/strong><\/p>\n<p><strong>Este OUKITEL com norma IP68, IP69 e com certifica\u00e7\u00e3o pelo exercito americano, \u00e9 resistente \u00e0 \u00e1gua, poeira e quedas, temperaturas altas e baixas. Um dos equipamentos mais resistentes, poder\u00e1 ir a qualquer zona do globo e manter a sua navega\u00e7\u00e3o fora de estrada sem problemas.<\/strong><\/p>\n<h2 style=\"text-align: center;\"><strong><u>Aplica\u00e7\u00f5es Pr\u00e9-instaladas e completamente configuradas<\/u><\/strong><strong><u>:<\/u><\/strong><\/h2>\n<p><strong>Launcher para Autom\u00f3vel (ecr\u00e3 simplificado e ajustado para condu\u00e7\u00e3o)<\/strong><\/p>\n<p><strong>LocusMap totalmente configurado (com mapas Offline)<\/strong><\/p>\n<p><strong>OsmAnd+ totalmente configurado (com mapas Offline)<\/strong><\/p>\n<p><strong>HERE We go (com mapas offline)<\/strong><\/p>\n<p><strong>iOverlander<\/strong><\/p>\n<p><strong>Park4night<\/strong><\/p>\n<p><strong>Wase<\/strong><\/p>\n<p><strong>Google Maps<\/strong><\/p>\n<p><strong><u>Mapas Offline:<\/u><\/strong><\/p>\n<p><strong>Nas aplica\u00e7\u00f5es que d\u00e1, ir\u00e1 mapas que n\u00e3o necessitam de internet para serem usados (offline) de Portugal e Espanha, se quiser mais pa\u00edses por favor a quando da compra referir ou enviar por correio eletr\u00f3nico para <\/strong><a href=\"mailto:Tectur@tectur.pt\"><strong>Tectur@tectur.pt<\/strong><\/a><strong> a referir os pa\u00edses que quer (sem custos).<\/strong><\/p>\n<h2><strong><u>Caracter\u00edsticas Gerais<\/u><\/strong><\/h2>\n<table class=\"spec_table table-ppo\">\n<tbody>\n<tr>\n<td>Sistema operativo:<\/td>\n<td>Android 14<\/td>\n<\/tr>\n<tr>\n<td>Processador:<\/td>\n<td>Octa Core, MediaTek Dimensity 6100+ 2x 2.2 GHz ARM Cortex-A76, 6x 2.0 GHz ARM Cortex-A55<\/td>\n<\/tr>\n<tr>\n<td>Gr\u00e1fica:<\/td>\n<td>ARM Mali-G57 MC2, N\u00facleos: 2<\/td>\n<\/tr>\n<tr>\n<td>RAM:<\/td>\n<td>24 GB<\/td>\n<\/tr>\n<tr>\n<td>Mem\u00f3ria interna:<\/td>\n<td>256 GB<\/td>\n<\/tr>\n<tr>\n<td>Cart\u00e3o SD:<\/td>\n<td>Sim, at\u00e9 2 TB<\/td>\n<\/tr>\n<tr>\n<td>SIM:<\/td>\n<td>DualSim<\/td>\n<\/tr>\n<tr>\n<td>Tipo de cart\u00e3o:<\/td>\n<td>Nano SIM \/ Nano SIM &#8211; microSD<\/td>\n<\/tr>\n<tr>\n<td>Idioma:<\/td>\n<td>Multi Idioma (Inclui Espanhol e Portugu\u00eas)<\/td>\n<\/tr>\n<tr>\n<td><span id=\"_006_2\">Play Store:<\/span><\/td>\n<td>Sim<\/td>\n<\/tr>\n<tr class=\"spec_section\">\n<td class=\"spec_img_pantalla\" colspan=\"2\">Ecr\u00e3<\/td>\n<\/tr>\n<tr>\n<td>Caracter\u00edsticas:<\/td>\n<td>6.6&#8243; IPS<\/td>\n<\/tr>\n<tr>\n<td>Defini\u00e7\u00e3o:<\/td>\n<td>FHD+<\/td>\n<\/tr>\n<tr>\n<td>Resolu\u00e7\u00e3o:<\/td>\n<td>1080 x 2408 p\u00edxeis<\/td>\n<\/tr>\n<tr>\n<td>Densidade:<\/td>\n<td>400 ppp<\/td>\n<\/tr>\n<tr>\n<td>Brilho m\u00e1ximo:<\/td>\n<td>450 cd\/m2<\/td>\n<\/tr>\n<tr>\n<td>Contraste:<\/td>\n<td>1700:1<\/td>\n<\/tr>\n<tr class=\"spec_section\">\n<td class=\"spec_img_camara\" colspan=\"2\">C\u00e2mara<\/td>\n<\/tr>\n<tr>\n<td>Frontal:<\/td>\n<td>32 MP (Sensor Sony IMX616, 1\/2.74&#8243;, f\/2.2)<\/td>\n<\/tr>\n<tr>\n<td>Traseira:<\/td>\n<td>C\u00e2mara principal 64 MP (Sony IMX682, 1\/1.73&#8243;) + C\u00e2mara IR de vis\u00e3o noturna 8 MP (SK Hynix Hi-846) + C\u00e2mara macro 2 MP (BYD BF2257, 1\/1.5&#8243;, f\/2.2)<\/td>\n<\/tr>\n<tr>\n<td><span id=\"_045\">Flash<\/span>:<\/td>\n<td>Sim<\/td>\n<\/tr>\n<tr class=\"spec_section\">\n<td class=\"spec_img_formatos\" colspan=\"2\">Formatos suportados<\/td>\n<\/tr>\n<tr>\n<td>\u00c1udio:<\/td>\n<td>AAC, AMR \/ AMR-NB \/ GSM-AMR, eAAC+ \/ aacPlus v2 \/ HE-AAC v2, FLAC, MIDI, MP3, OGG, WMA, WAV<\/td>\n<\/tr>\n<tr>\n<td>V\u00eddeo:<\/td>\n<td>3GPP, AVI, H.263, H.264 \/ MPEG-4 Part 10 \/ AVC video, H.265 \/ MPEG-H Part 2 \/ HEVC, MP4, VP9, WebM, Xvid,<\/td>\n<\/tr>\n<tr>\n<td>Imagens:<\/td>\n<td>gif, jpeg, png, bmp<\/td>\n<\/tr>\n<tr class=\"spec_section\">\n<td class=\"spec_img_sensores\" colspan=\"2\">Sensores<\/td>\n<\/tr>\n<tr>\n<td>Aceler\u00f3metro:<\/td>\n<td>Sim<\/td>\n<\/tr>\n<tr>\n<td>Girosc\u00f3pio:<\/td>\n<td>Sim<\/td>\n<\/tr>\n<tr>\n<td>Proximidade:<\/td>\n<td>Sim<\/td>\n<\/tr>\n<tr>\n<td>Luz:<\/td>\n<td>Sim<\/td>\n<\/tr>\n<tr>\n<td>B\u00fassola:<\/td>\n<td>Sim<\/td>\n<\/tr>\n<tr>\n<td>Pod\u00f3metro:<\/td>\n<td>Sim<\/td>\n<\/tr>\n<tr>\n<td>Geomagn\u00e9tico:<\/td>\n<td>Sim<\/td>\n<\/tr>\n<tr>\n<td>Leitor de impress\u00f5es digitais:<\/td>\n<td>Sim<\/td>\n<\/tr>\n<tr class=\"spec_section\">\n<td class=\"spec_img_conectividad\" colspan=\"2\">Conectividade<\/td>\n<\/tr>\n<tr>\n<td>Redes 2G (GSM):<\/td>\n<td>850-900-1800-1900 MHz<\/td>\n<\/tr>\n<tr>\n<td>Redes 3G (WCDMA):<\/td>\n<td>850-850-900-900-1700-1900-2100 MHz<\/td>\n<\/tr>\n<tr>\n<td>Redes 4G (LTE):<\/td>\n<td>700-800-850-900-1700-1800-1900-2100-2600 MHz<\/td>\n<\/tr>\n<tr>\n<td>Redes 5G (NR):<\/td>\n<td>600-700-800-850-900-1700-1800-1900-2100-2300-2500-2600-3500-3700 MHz<\/td>\n<\/tr>\n<tr>\n<td>Wi-Fi:<\/td>\n<td>a, b, g, n, n 5GHz, ac, Wi-Fi 6 (ax), Wi-Fi Hotspot, Wi-Fi Direct, Wi-Fi Display<\/td>\n<\/tr>\n<tr>\n<td>Bluetooth:<\/td>\n<td>5.2<\/td>\n<\/tr>\n<tr>\n<td>R\u00e1dio FM:<\/td>\n<td>Sim<\/td>\n<\/tr>\n<tr>\n<td>GPS:<\/td>\n<td>GPS, A-GPS, GLONASS, BeiDou, Galileo<\/td>\n<\/tr>\n<tr>\n<td><\/td>\n<td><\/td>\n<\/tr>\n<tr>\n<td>Quadriband:<\/td>\n<td>Sim<\/td>\n<\/tr>\n<tr>\n<td>USB:<\/td>\n<td>USB-C 2.0<\/td>\n<\/tr>\n<tr>\n<td>NFC:<\/td>\n<td>Sim<\/td>\n<\/tr>\n<tr class=\"spec_section\">\n<td class=\"spec_img_dimensiones\" colspan=\"2\">Dimens\u00f5es<\/td>\n<\/tr>\n<tr>\n<td>Polegadas:<\/td>\n<td>6.6 &#8220;<\/td>\n<\/tr>\n<tr>\n<td>Tamanho:<\/td>\n<td>172.2 x 81 x 15.3 mm<\/td>\n<\/tr>\n<tr>\n<td>Peso:<\/td>\n<td>360 g<\/td>\n<\/tr>\n<tr class=\"spec_section\">\n<td class=\"spec_img_bateria\" colspan=\"2\">Bateria<\/td>\n<\/tr>\n<tr>\n<td>Capacidade:<\/td>\n<td>11000 mAh<\/td>\n<\/tr>\n<tr>\n<td>Carga r\u00e1pida:<\/td>\n<td>18 W<\/td>\n<\/tr>\n<\/tbody>\n<\/table>\n","protected":false},"excerpt":{"rendered":"<h3><b>Procura um equipamento resistente e que aguente at\u00e9 as suas viagens ou passeios mais exigentes, tanto para MOTA, SSV, UTV,BUGGY e 4&#215;4?<\/b><\/h3>\n<p>Gama de sistemas de navega\u00e7\u00e3o Tectur de activities outdoor com exposi\u00e7\u00e3o \u00e1s condi\u00e7\u00f5es climat\u00e9ricas.<\/p>\n<p>*Quando dispon\u00edvel por encomenda poder\u00e1 demorar 5 &#8211; 15 dias a chegar<\/p>\n","protected":false},"featured_media":493,"comment_status":"open","ping_status":"closed","template":"","meta":[],"product_brand":[],"product_cat":[29,17,15],"product_tag":[],"class_list":{"0":"post-443","1":"product","2":"type-product","3":"status-publish","4":"has-post-thumbnail","6":"product_cat-tabnav","7":"product_cat-navegacao-tt","8":"product_cat-varios","9":"product_shipping_class-medio","11":"first","12":"onbackorder","13":"taxable","14":"shipping-taxable","15":"purchasable","16":"product-type-simple"},"jetpack_sharing_enabled":true,"jetpack_likes_enabled":true,"_links":{"self":[{"href":"https:\/\/loja.tectur.pt\/index.php?rest_route=\/wp\/v2\/product\/443","targetHints":{"allow":["GET"]}}],"collection":[{"href":"https:\/\/loja.tectur.pt\/index.php?rest_route=\/wp\/v2\/product"}],"about":[{"href":"https:\/\/loja.tectur.pt\/index.php?rest_route=\/wp\/v2\/types\/product"}],"replies":[{"embeddable":true,"href":"https:\/\/loja.tectur.pt\/index.php?rest_route=%2Fwp%2Fv2%2Fcomments&post=443"}],"wp:featuredmedia":[{"embeddable":true,"href":"https:\/\/loja.tectur.pt\/index.php?rest_route=\/wp\/v2\/media\/493"}],"wp:attachment":[{"href":"https:\/\/loja.tectur.pt\/index.php?rest_route=%2Fwp%2Fv2%2Fmedia&parent=443"}],"wp:term":[{"taxonomy":"product_brand","embeddable":true,"href":"https:\/\/loja.tectur.pt\/index.php?rest_route=%2Fwp%2Fv2%2Fproduct_brand&post=443"},{"taxonomy":"product_cat","embeddable":true,"href":"https:\/\/loja.tectur.pt\/index.php?rest_route=%2Fwp%2Fv2%2Fproduct_cat&post=443"},{"taxonomy":"product_tag","embeddable":true,"href":"https:\/\/loja.tectur.pt\/index.php?rest_route=%2Fwp%2Fv2%2Fproduct_tag&post=443"}],"curies":[{"name":"wp","href":"https:\/\/api.w.org\/{rel}","templated":true}]}}