{"id":525,"date":"2025-11-01T20:25:41","date_gmt":"2025-11-01T20:25:41","guid":{"rendered":"https:\/\/loja.tectur.pt\/?post_type=product&#038;p=525"},"modified":"2026-01-25T12:47:55","modified_gmt":"2026-01-25T12:47:55","slug":"powerstation-bluetti-300w","status":"publish","type":"product","link":"https:\/\/loja.tectur.pt\/?product=powerstation-bluetti-300w","title":{"rendered":"Powerstation BLUETTI &#8211; 300W"},"content":{"rendered":"<h3>Especifica\u00e7\u00f5es t\u00e9cnicas BLUETTI AC2P &#8211; Esta\u00e7\u00e3o de carregamento port\u00e1til:<\/h3>\n<ul>\n<li>Marca: BLUETTI<\/li>\n<li>Modelo: AC2P<\/li>\n<li>Capacidade: 230,4 Wh<\/li>\n<li>Bateria: LiFePO4<\/li>\n<li>Pot\u00eancia nominal: 300 W<\/li>\n<li>Pot\u00eancia m\u00e1xima: 600 W<\/li>\n<li>Portas de entrada:\n<ul>\n<li>CA 270 W m\u00e1x., entrada solar 200 W m\u00e1x.; 12 V-28 V CC, 8,2 A, entrada para carro 12\/24 V a partir da porta do isqueiro.<\/li>\n<\/ul>\n<\/li>\n<li>Portas de sa\u00edda:\n<ul>\n<li>USB-C: 1 x 100 W m\u00e1x.<\/li>\n<li>USB-A: 2 x 5 VCC\/2,4 A 12 W<\/li>\n<li>Tomadas CA:\u00a01\u00d7230 V\/1,3 A, 300 W no total<\/li>\n<li>Cor: Preto<\/li>\n<li>Dimens\u00f5es: 250 x 174,5 x 156,5 mm<\/li>\n<li>Peso: 3,6 kg<\/li>\n<\/ul>\n<h3>Conte\u00fado da caixa:<\/h3>\n<ul>\n<li>1 x BLUETTI AC2P &#8211; Esta\u00e7\u00e3o de carregamento port\u00e1til<\/li>\n<li>1 x Cabo de carregamento CA<\/li>\n<li>1 x Cabo de carregamento solar<\/li>\n<li>1 x Manual do utilizador<\/li>\n<\/ul>\n<\/li>\n<\/ul>\n","protected":false},"excerpt":{"rendered":"<p>Precisa de solu\u00e7\u00f5es de carregamento el\u00e9trico na sua viatura 4&#215;4?<\/p>\n<p>Com esta BLUETTI pode alimentar o seu frigorifico, carregar os seus equipamentos e muito mais, iniquando est\u00e1 a disfrutar da paisagem ou a fazer o seu almo\u00e7o, sem necessitar de ter a viatura a trabalhar!<\/p>\n","protected":false},"featured_media":528,"comment_status":"open","ping_status":"closed","template":"","meta":[],"product_brand":[],"product_cat":[18,20],"product_tag":[],"class_list":{"0":"post-525","1":"product","2":"type-product","3":"status-publish","4":"has-post-thumbnail","6":"product_cat-equipamentos-outdoor","7":"product_cat-ecoflow","9":"first","10":"onbackorder","11":"taxable","12":"shipping-taxable","13":"purchasable","14":"product-type-simple"},"jetpack_sharing_enabled":true,"jetpack_likes_enabled":true,"_links":{"self":[{"href":"https:\/\/loja.tectur.pt\/index.php?rest_route=\/wp\/v2\/product\/525","targetHints":{"allow":["GET"]}}],"collection":[{"href":"https:\/\/loja.tectur.pt\/index.php?rest_route=\/wp\/v2\/product"}],"about":[{"href":"https:\/\/loja.tectur.pt\/index.php?rest_route=\/wp\/v2\/types\/product"}],"replies":[{"embeddable":true,"href":"https:\/\/loja.tectur.pt\/index.php?rest_route=%2Fwp%2Fv2%2Fcomments&post=525"}],"wp:featuredmedia":[{"embeddable":true,"href":"https:\/\/loja.tectur.pt\/index.php?rest_route=\/wp\/v2\/media\/528"}],"wp:attachment":[{"href":"https:\/\/loja.tectur.pt\/index.php?rest_route=%2Fwp%2Fv2%2Fmedia&parent=525"}],"wp:term":[{"taxonomy":"product_brand","embeddable":true,"href":"https:\/\/loja.tectur.pt\/index.php?rest_route=%2Fwp%2Fv2%2Fproduct_brand&post=525"},{"taxonomy":"product_cat","embeddable":true,"href":"https:\/\/loja.tectur.pt\/index.php?rest_route=%2Fwp%2Fv2%2Fproduct_cat&post=525"},{"taxonomy":"product_tag","embeddable":true,"href":"https:\/\/loja.tectur.pt\/index.php?rest_route=%2Fwp%2Fv2%2Fproduct_tag&post=525"}],"curies":[{"name":"wp","href":"https:\/\/api.w.org\/{rel}","templated":true}]}}